{"id":11,"date":"2026-05-01T16:55:21","date_gmt":"2026-05-01T14:55:21","guid":{"rendered":"https:\/\/ecolealternativeapeda.fr\/?page_id=11"},"modified":"2026-05-01T18:08:51","modified_gmt":"2026-05-01T16:08:51","slug":"projet-pedagogique","status":"publish","type":"page","link":"https:\/\/ecolealternativeapeda.fr\/?page_id=11","title":{"rendered":"Pr\u00e9sentation et projet p\u00e9dagogique"},"content":{"rendered":"\n<h4 class=\"wp-block-heading\"><strong>L\u2019Association APEDA<\/strong><\/h4>\n\n\n\n<p>Dans un monde en constante \u00e9volution, de nombreux parents cherchent des alternatives \u00e9ducatives pour leurs enfants. L\u2019association APEDA, cr\u00e9\u00e9e par des parents soucieux de cette mission, s\u2019engage \u00e0 proposer une \u00e9ducation alternative enrichissante et adapt\u00e9e aux besoins des jeunes.<\/p>\n\n\n\n<p>APEDA, ou <strong>A<\/strong>ssociation <strong>P<\/strong>our une <strong>\u00c9D<\/strong>ucation <strong>A<\/strong>lternative, g\u00e8re le coll\u00e8ge Colette, un \u00e9tablissement associatif, priv\u00e9 et hors contrat. Ce coll\u00e8ge se distingue par son approche p\u00e9dagogique innovante, favorisant l&rsquo;autonomie, la cr\u00e9ativit\u00e9 et le respect de l&rsquo;individualit\u00e9 de chaque enfant.<\/p>\n\n\n\n<h4 class=\"wp-block-heading\"><strong>Un projet \u00e9ducatif diversifi\u00e9<\/strong><\/h4>\n\n\n\n<p>En plus de son coll\u00e8ge, l\u2019association pr\u00e9pare le lancement d\u2019un accueil de loisirs en for\u00eat, destin\u00e9 aux enfants de 7 \u00e0 13 ans. Cette initiative vise \u00e0 reconnecter les jeunes avec la nature, leur offrant un cadre d&rsquo;apprentissage ludique et stimulant.<\/p>\n\n\n\n<h4 class=\"wp-block-heading\"><strong>Des stages pour les adultes : une approche holistique<\/strong><\/h4>\n\n\n\n<p>APEDA ne s\u2019arr\u00eate pas aux enfants. Elle propose \u00e9galement des stages de connexion \u00e0 la nature pour les adultes, inspir\u00e9s du mod\u00e8le des 8 Shields. Ces formations encouragent une prise de conscience profonde des liens que nous entretenons avec notre environnement, et favorisent le d\u00e9veloppement personnel.<br>\u200b<\/p>\n\n\n\n<h4 class=\"wp-block-heading\"><strong>Appel \u00e0 l&rsquo;action<\/strong><\/h4>\n\n\n\n<p>L\u2019association APEDA incarne une vision de l\u2019\u00e9ducation o\u00f9 chaque enfant peut s\u2019\u00e9panouir pleinement. Si vous \u00eates int\u00e9ress\u00e9 par une \u00e9ducation alternative ou souhaitez en savoir plus sur les activit\u00e9s propos\u00e9es, n\u2019h\u00e9sitez pas \u00e0 nous contacter.<\/p>\n\n\n\n<p>Pour adh\u00e9rer \u00e0 l&rsquo;association, <a href=\"https:\/\/www.helloasso.com\/associations\/apeda\" target=\"_blank\" rel=\"noreferrer noopener\">cliquez ICI<\/a>.<\/p>\n\n\n\n<h4 class=\"wp-block-heading\"><strong>Le Coll\u00e8ge Colette<\/strong><\/h4>\n\n\n\n<p>Notre petit coll\u00e8ge associatif, priv\u00e9, hors contrat et la\u00efque, offre un cadre d&rsquo;apprentissage unique pour une classe multi-niveau de 15 \u00e9l\u00e8ves, allant de la 6\u00e8me \u00e0 la 3\u00e8me, encadr\u00e9s par deux \u00e9ducateurs passionn\u00e9s.<\/p>\n\n\n\n<p><strong>Des apprentissages personnalis\u00e9s<\/strong><\/p>\n\n\n\n<p>Nous croyons fermement que les enfants doivent \u00eatre au c\u0153ur de leur apprentissage. En s&rsquo;appuyant sur le socle commun de connaissances et de comp\u00e9tences de l&rsquo;\u00c9ducation nationale, chaque \u00e9l\u00e8ve construit progressivement son propre projet. Ils sont invit\u00e9s \u00e0 \u00e9laborer leur plan de travail en choisissant les connaissances qu&rsquo;ils souhaitent acqu\u00e9rir, tout en les programmant pour la semaine \u00e0 venir. Nos \u00e9l\u00e8ves de 3\u00e8me pr\u00e9parent le brevet en tant que candidats libres, renfor\u00e7ant ainsi leur autonomie.<\/p>\n\n\n\n<p><strong>Des comp\u00e9tences transversales \u00e0 travers des activit\u00e9s vari\u00e9es<\/strong><\/p>\n\n\n\n<p>Les apr\u00e8s-midis sont d\u00e9di\u00e9s \u00e0 un \u00e9ventail d&rsquo;activit\u00e9s enrichissantes : musique, chant, th\u00e9\u00e2tre, sport, et activit\u00e9s manuelles et cr\u00e9atives. Une fois par semaine, nous partons \u00e0 la d\u00e9couverte de la for\u00eat, un v\u00e9ritable espace d&rsquo;exploration et de d\u00e9couverte.<\/p>\n\n\n\n<p>La p\u00e9dagogie par la nature (PPN) est au c\u0153ur de notre approche. Elle utilise la nature comme m\u00e9diatrice pour amener chaque \u00e9l\u00e8ve \u00e0 explorer ses \u00e9motions et \u00e0 mobiliser ses sens. \u00c0 travers des jeux et des activit\u00e9s vari\u00e9es, mais aussi lors de moments d&rsquo;exploration libre, la nature favorise les relations interpersonnelles dans un cadre bienveillant et s\u00e9curisant. Cette d\u00e9marche encourage chacun \u00e0 d\u00e9velopper sa curiosit\u00e9 et \u00e0 rechercher des r\u00e9ponses par lui-m\u00eame.<\/p>\n\n\n\n<p>Les participants explorent une multitude de routines, telles que le langage des oiseaux, le pistage des animaux, la fabrication d&rsquo;outils, les arts primitifs (comme le feu), la vannerie, ainsi que des activit\u00e9s de partage et de gratitude. Ces exp\u00e9riences, v\u00e9cues r\u00e9guli\u00e8rement et par tous les temps, nourrissent une connexion profonde avec la nature, avec soi-m\u00eame et avec les autres. Elles v\u00e9hiculent \u00e9galement des valeurs essentielles telles que l&#8217;empathie, la coop\u00e9ration, l&rsquo;imagination, la joie, le partage et la curiosit\u00e9.<\/p>\n\n\n\n<p><strong>L&rsquo;apprentissage de la d\u00e9mocratie<\/strong><\/p>\n\n\n\n<p>Nous encourageons la prise de d\u00e9cisions collectives lors de conseils quotidiens. Pendant ces moments, les \u00e9l\u00e8ves sont invit\u00e9s \u00e0 faire des propositions\u2014qu&rsquo;il s&rsquo;agisse de sorties, de r\u00e9organisations du temps de travail ou de pauses. Ils peuvent \u00e9galement aborder des situations d\u00e9licates et demander une m\u00e9diation, en utilisant les outils de la communication non violente. Les d\u00e9cisions sont prises par consentement, toujours dans l&rsquo;int\u00e9r\u00eat du groupe.<\/p>\n\n\n\n<p><strong>Nos valeurs<\/strong><\/p>\n\n\n\n<ul class=\"wp-block-list\">\n<li><strong>Un coll\u00e8ge de la transition <\/strong>: Un lieu qui respecte l&rsquo;individu dans sa globalit\u00e9 et r\u00e9pond aux enjeux soci\u00e9taux actuels.<\/li>\n\n\n\n<li><strong>La bienveillance <\/strong>: Le lien humain est l&rsquo;un des piliers de notre coll\u00e8ge. Pour d\u00e9velopper leur s\u00e9curit\u00e9 int\u00e9rieure et leur intelligence, les \u00e9l\u00e8ves ont besoin de relations sociales de qualit\u00e9, empreintes de bienveillance.<\/li>\n\n\n\n<li><strong>L&rsquo;autonomie<\/strong> : Nous soutenons l&rsquo;adolescent dans le d\u00e9veloppement de ses comp\u00e9tences en lui permettant d&rsquo;agir par lui-m\u00eame, tout en offrant un accompagnement bienveillant.<\/li>\n\n\n\n<li><strong>La coop\u00e9ration<\/strong> : C\u2019est une valeur fondamentale et une m\u00e9thode de travail enrichissante, o\u00f9 chacun apprend en observant les autres.<\/li>\n<\/ul>\n","protected":false},"excerpt":{"rendered":"<p>L\u2019Association APEDA Dans un monde en constante \u00e9volution, de nombreux parents cherchent des alternatives \u00e9ducatives pour leurs enfants. L\u2019association APEDA,<\/p>\n","protected":false},"author":1,"featured_media":0,"parent":0,"menu_order":0,"comment_status":"closed","ping_status":"closed","template":"","meta":{"colormag_page_container_layout":"default_layout","colormag_page_sidebar_layout":"default_layout","footnotes":""},"class_list":["post-11","page","type-page","status-publish","hentry"],"yoast_head":"<!-- This site is optimized with the Yoast SEO plugin v27.5 - https:\/\/yoast.com\/product\/yoast-seo-wordpress\/ -->\n<title>Pr\u00e9sentation et projet p\u00e9dagogique - APEDA<\/title>\n<meta name=\"robots\" content=\"index, follow, max-snippet:-1, max-image-preview:large, max-video-preview:-1\" \/>\n<link rel=\"canonical\" href=\"https:\/\/ecolealternativeapeda.fr\/?page_id=11\" \/>\n<meta property=\"og:locale\" content=\"fr_FR\" \/>\n<meta property=\"og:type\" content=\"article\" \/>\n<meta property=\"og:title\" content=\"Pr\u00e9sentation et projet p\u00e9dagogique - APEDA\" \/>\n<meta property=\"og:description\" content=\"L\u2019Association APEDA Dans un monde en constante \u00e9volution, de nombreux parents cherchent des alternatives \u00e9ducatives pour leurs enfants. L\u2019association APEDA,\" \/>\n<meta property=\"og:url\" content=\"https:\/\/ecolealternativeapeda.fr\/?page_id=11\" \/>\n<meta property=\"og:site_name\" content=\"APEDA\" \/>\n<meta property=\"article:modified_time\" content=\"2026-05-01T16:08:51+00:00\" \/>\n<meta name=\"twitter:card\" content=\"summary_large_image\" \/>\n<meta name=\"twitter:label1\" content=\"Est. reading time\" \/>\n\t<meta name=\"twitter:data1\" content=\"4 minutes\" \/>\n<script type=\"application\/ld+json\" class=\"yoast-schema-graph\">{\"@context\":\"https:\\\/\\\/schema.org\",\"@graph\":[{\"@type\":\"WebPage\",\"@id\":\"https:\\\/\\\/ecolealternativeapeda.fr\\\/?page_id=11\",\"url\":\"https:\\\/\\\/ecolealternativeapeda.fr\\\/?page_id=11\",\"name\":\"Pr\u00e9sentation et projet p\u00e9dagogique - APEDA\",\"isPartOf\":{\"@id\":\"https:\\\/\\\/ecolealternativeapeda.fr\\\/#website\"},\"datePublished\":\"2026-05-01T14:55:21+00:00\",\"dateModified\":\"2026-05-01T16:08:51+00:00\",\"breadcrumb\":{\"@id\":\"https:\\\/\\\/ecolealternativeapeda.fr\\\/?page_id=11#breadcrumb\"},\"inLanguage\":\"fr-FR\",\"potentialAction\":[{\"@type\":\"ReadAction\",\"target\":[\"https:\\\/\\\/ecolealternativeapeda.fr\\\/?page_id=11\"]}]},{\"@type\":\"BreadcrumbList\",\"@id\":\"https:\\\/\\\/ecolealternativeapeda.fr\\\/?page_id=11#breadcrumb\",\"itemListElement\":[{\"@type\":\"ListItem\",\"position\":1,\"name\":\"Home\",\"item\":\"https:\\\/\\\/ecolealternativeapeda.fr\\\/\"},{\"@type\":\"ListItem\",\"position\":2,\"name\":\"Pr\u00e9sentation et projet p\u00e9dagogique\"}]},{\"@type\":\"WebSite\",\"@id\":\"https:\\\/\\\/ecolealternativeapeda.fr\\\/#website\",\"url\":\"https:\\\/\\\/ecolealternativeapeda.fr\\\/\",\"name\":\"APEDA\",\"description\":\"\",\"potentialAction\":[{\"@type\":\"SearchAction\",\"target\":{\"@type\":\"EntryPoint\",\"urlTemplate\":\"https:\\\/\\\/ecolealternativeapeda.fr\\\/?s={search_term_string}\"},\"query-input\":{\"@type\":\"PropertyValueSpecification\",\"valueRequired\":true,\"valueName\":\"search_term_string\"}}],\"inLanguage\":\"fr-FR\"}]}<\/script>\n<!-- \/ Yoast SEO plugin. -->","yoast_head_json":{"title":"Pr\u00e9sentation et projet p\u00e9dagogique - APEDA","robots":{"index":"index","follow":"follow","max-snippet":"max-snippet:-1","max-image-preview":"max-image-preview:large","max-video-preview":"max-video-preview:-1"},"canonical":"https:\/\/ecolealternativeapeda.fr\/?page_id=11","og_locale":"fr_FR","og_type":"article","og_title":"Pr\u00e9sentation et projet p\u00e9dagogique - APEDA","og_description":"L\u2019Association APEDA Dans un monde en constante \u00e9volution, de nombreux parents cherchent des alternatives \u00e9ducatives pour leurs enfants. L\u2019association APEDA,","og_url":"https:\/\/ecolealternativeapeda.fr\/?page_id=11","og_site_name":"APEDA","article_modified_time":"2026-05-01T16:08:51+00:00","twitter_card":"summary_large_image","twitter_misc":{"Est. reading time":"4 minutes"},"schema":{"@context":"https:\/\/schema.org","@graph":[{"@type":"WebPage","@id":"https:\/\/ecolealternativeapeda.fr\/?page_id=11","url":"https:\/\/ecolealternativeapeda.fr\/?page_id=11","name":"Pr\u00e9sentation et projet p\u00e9dagogique - APEDA","isPartOf":{"@id":"https:\/\/ecolealternativeapeda.fr\/#website"},"datePublished":"2026-05-01T14:55:21+00:00","dateModified":"2026-05-01T16:08:51+00:00","breadcrumb":{"@id":"https:\/\/ecolealternativeapeda.fr\/?page_id=11#breadcrumb"},"inLanguage":"fr-FR","potentialAction":[{"@type":"ReadAction","target":["https:\/\/ecolealternativeapeda.fr\/?page_id=11"]}]},{"@type":"BreadcrumbList","@id":"https:\/\/ecolealternativeapeda.fr\/?page_id=11#breadcrumb","itemListElement":[{"@type":"ListItem","position":1,"name":"Home","item":"https:\/\/ecolealternativeapeda.fr\/"},{"@type":"ListItem","position":2,"name":"Pr\u00e9sentation et projet p\u00e9dagogique"}]},{"@type":"WebSite","@id":"https:\/\/ecolealternativeapeda.fr\/#website","url":"https:\/\/ecolealternativeapeda.fr\/","name":"APEDA","description":"","potentialAction":[{"@type":"SearchAction","target":{"@type":"EntryPoint","urlTemplate":"https:\/\/ecolealternativeapeda.fr\/?s={search_term_string}"},"query-input":{"@type":"PropertyValueSpecification","valueRequired":true,"valueName":"search_term_string"}}],"inLanguage":"fr-FR"}]}},"_links":{"self":[{"href":"https:\/\/ecolealternativeapeda.fr\/index.php?rest_route=\/wp\/v2\/pages\/11","targetHints":{"allow":["GET"]}}],"collection":[{"href":"https:\/\/ecolealternativeapeda.fr\/index.php?rest_route=\/wp\/v2\/pages"}],"about":[{"href":"https:\/\/ecolealternativeapeda.fr\/index.php?rest_route=\/wp\/v2\/types\/page"}],"author":[{"embeddable":true,"href":"https:\/\/ecolealternativeapeda.fr\/index.php?rest_route=\/wp\/v2\/users\/1"}],"replies":[{"embeddable":true,"href":"https:\/\/ecolealternativeapeda.fr\/index.php?rest_route=%2Fwp%2Fv2%2Fcomments&post=11"}],"version-history":[{"count":3,"href":"https:\/\/ecolealternativeapeda.fr\/index.php?rest_route=\/wp\/v2\/pages\/11\/revisions"}],"predecessor-version":[{"id":54,"href":"https:\/\/ecolealternativeapeda.fr\/index.php?rest_route=\/wp\/v2\/pages\/11\/revisions\/54"}],"wp:attachment":[{"href":"https:\/\/ecolealternativeapeda.fr\/index.php?rest_route=%2Fwp%2Fv2%2Fmedia&parent=11"}],"curies":[{"name":"wp","href":"https:\/\/api.w.org\/{rel}","templated":true}]}}

Présentation et projet pédagogique

<h4 class="wp-block-heading"><strong>L’Association APEDA</strong></h4>



<p>Dans un monde en constante évolution, de nombreux parents cherchent des alternatives éducatives pour leurs enfants. L’association APEDA, créée par des parents soucieux de cette mission, s’engage à proposer une éducation alternative enrichissante et adaptée aux besoins des jeunes.</p>



<p>APEDA, ou <strong>A</strong>ssociation <strong>P</strong>our une <strong>ÉD</strong>ucation <strong>A</strong>lternative, gère le collège Colette, un établissement associatif, privé et hors contrat. Ce collège se distingue par son approche pédagogique innovante, favorisant l&rsquo;autonomie, la créativité et le respect de l&rsquo;individualité de chaque enfant.</p>



<h4 class="wp-block-heading"><strong>Un projet éducatif diversifié</strong></h4>



<p>En plus de son collège, l’association prépare le lancement d’un accueil de loisirs en forêt, destiné aux enfants de 7 à 13 ans. Cette initiative vise à reconnecter les jeunes avec la nature, leur offrant un cadre d&rsquo;apprentissage ludique et stimulant.</p>



<h4 class="wp-block-heading"><strong>Des stages pour les adultes : une approche holistique</strong></h4>



<p>APEDA ne s’arrête pas aux enfants. Elle propose également des stages de connexion à la nature pour les adultes, inspirés du modèle des 8 Shields. Ces formations encouragent une prise de conscience profonde des liens que nous entretenons avec notre environnement, et favorisent le développement personnel.<br>​</p>



<h4 class="wp-block-heading"><strong>Appel à l&rsquo;action</strong></h4>



<p>L’association APEDA incarne une vision de l’éducation où chaque enfant peut s’épanouir pleinement. Si vous êtes intéressé par une éducation alternative ou souhaitez en savoir plus sur les activités proposées, n’hésitez pas à nous contacter.</p>



<p>Pour adhérer à l&rsquo;association, <a href="https://www.helloasso.com/associations/apeda" target="_blank" rel="noreferrer noopener">cliquez ICI</a>.</p>



<h4 class="wp-block-heading"><strong>Le Collège Colette</strong></h4>



<p>Notre petit collège associatif, privé, hors contrat et laïque, offre un cadre d&rsquo;apprentissage unique pour une classe multi-niveau de 15 élèves, allant de la 6ème à la 3ème, encadrés par deux éducateurs passionnés.</p>



<p><strong>Des apprentissages personnalisés</strong></p>



<p>Nous croyons fermement que les enfants doivent être au cœur de leur apprentissage. En s&rsquo;appuyant sur le socle commun de connaissances et de compétences de l&rsquo;Éducation nationale, chaque élève construit progressivement son propre projet. Ils sont invités à élaborer leur plan de travail en choisissant les connaissances qu&rsquo;ils souhaitent acquérir, tout en les programmant pour la semaine à venir. Nos élèves de 3ème préparent le brevet en tant que candidats libres, renforçant ainsi leur autonomie.</p>



<p><strong>Des compétences transversales à travers des activités variées</strong></p>



<p>Les après-midis sont dédiés à un éventail d&rsquo;activités enrichissantes : musique, chant, théâtre, sport, et activités manuelles et créatives. Une fois par semaine, nous partons à la découverte de la forêt, un véritable espace d&rsquo;exploration et de découverte.</p>



<p>La pédagogie par la nature (PPN) est au cœur de notre approche. Elle utilise la nature comme médiatrice pour amener chaque élève à explorer ses émotions et à mobiliser ses sens. À travers des jeux et des activités variées, mais aussi lors de moments d&rsquo;exploration libre, la nature favorise les relations interpersonnelles dans un cadre bienveillant et sécurisant. Cette démarche encourage chacun à développer sa curiosité et à rechercher des réponses par lui-même.</p>



<p>Les participants explorent une multitude de routines, telles que le langage des oiseaux, le pistage des animaux, la fabrication d&rsquo;outils, les arts primitifs (comme le feu), la vannerie, ainsi que des activités de partage et de gratitude. Ces expériences, vécues régulièrement et par tous les temps, nourrissent une connexion profonde avec la nature, avec soi-même et avec les autres. Elles véhiculent également des valeurs essentielles telles que l&#8217;empathie, la coopération, l&rsquo;imagination, la joie, le partage et la curiosité.</p>



<p><strong>L&rsquo;apprentissage de la démocratie</strong></p>



<p>Nous encourageons la prise de décisions collectives lors de conseils quotidiens. Pendant ces moments, les élèves sont invités à faire des propositions—qu&rsquo;il s&rsquo;agisse de sorties, de réorganisations du temps de travail ou de pauses. Ils peuvent également aborder des situations délicates et demander une médiation, en utilisant les outils de la communication non violente. Les décisions sont prises par consentement, toujours dans l&rsquo;intérêt du groupe.</p>



<p><strong>Nos valeurs</strong></p>



<ul class="wp-block-list">
<li><strong>Un collège de la transition </strong>: Un lieu qui respecte l&rsquo;individu dans sa globalité et répond aux enjeux sociétaux actuels.</li>



<li><strong>La bienveillance </strong>: Le lien humain est l&rsquo;un des piliers de notre collège. Pour développer leur sécurité intérieure et leur intelligence, les élèves ont besoin de relations sociales de qualité, empreintes de bienveillance.</li>



<li><strong>L&rsquo;autonomie</strong> : Nous soutenons l&rsquo;adolescent dans le développement de ses compétences en lui permettant d&rsquo;agir par lui-même, tout en offrant un accompagnement bienveillant.</li>



<li><strong>La coopération</strong> : C’est une valeur fondamentale et une méthode de travail enrichissante, où chacun apprend en observant les autres.</li>
</ul>

<p>L’Association APEDA Dans un monde en constante évolution, de nombreux parents cherchent des alternatives éducatives pour leurs enfants. L’association APEDA,</p>

<!-- This site is optimized with the Yoast SEO plugin v27.5 - https://yoast.com/product/yoast-seo-wordpress/ -->
<title>Présentation et projet pédagogique - APEDA</title>
<meta name="robots" content="index, follow, max-snippet:-1, max-image-preview:large, max-video-preview:-1" />
<link rel="canonical" href="https://ecolealternativeapeda.fr/?page_id=11" />
<meta property="og:locale" content="fr_FR" />
<meta property="og:type" content="article" />
<meta property="og:title" content="Présentation et projet pédagogique - APEDA" />
<meta property="og:description" content="L’Association APEDA Dans un monde en constante évolution, de nombreux parents cherchent des alternatives éducatives pour leurs enfants. L’association APEDA," />
<meta property="og:url" content="https://ecolealternativeapeda.fr/?page_id=11" />
<meta property="og:site_name" content="APEDA" />
<meta property="article:modified_time" content="2026-05-01T16:08:51+00:00" />
<meta name="twitter:card" content="summary_large_image" />
<meta name="twitter:label1" content="Est. reading time" />
	<meta name="twitter:data1" content="4 minutes" />
<script type="application/ld+json" class="yoast-schema-graph">{"@context":"https:\/\/schema.org","@graph":[{"@type":"WebPage","@id":"https:\/\/ecolealternativeapeda.fr\/?page_id=11","url":"https:\/\/ecolealternativeapeda.fr\/?page_id=11","name":"Présentation et projet pédagogique - APEDA","isPartOf":{"@id":"https:\/\/ecolealternativeapeda.fr\/#website"},"datePublished":"2026-05-01T14:55:21+00:00","dateModified":"2026-05-01T16:08:51+00:00","breadcrumb":{"@id":"https:\/\/ecolealternativeapeda.fr\/?page_id=11#breadcrumb"},"inLanguage":"fr-FR","potentialAction":[{"@type":"ReadAction","target":["https:\/\/ecolealternativeapeda.fr\/?page_id=11"]}]},{"@type":"BreadcrumbList","@id":"https:\/\/ecolealternativeapeda.fr\/?page_id=11#breadcrumb","itemListElement":[{"@type":"ListItem","position":1,"name":"Home","item":"https:\/\/ecolealternativeapeda.fr\/"},{"@type":"ListItem","position":2,"name":"Présentation et projet pédagogique"}]},{"@type":"WebSite","@id":"https:\/\/ecolealternativeapeda.fr\/#website","url":"https:\/\/ecolealternativeapeda.fr\/","name":"APEDA","description":"","potentialAction":[{"@type":"SearchAction","target":{"@type":"EntryPoint","urlTemplate":"https:\/\/ecolealternativeapeda.fr\/?s={search_term_string}"},"query-input":{"@type":"PropertyValueSpecification","valueRequired":true,"valueName":"search_term_string"}}],"inLanguage":"fr-FR"}]}</script>
<!-- / Yoast SEO plugin. -->

Présentation et projet pédagogique - APEDA

L’Association APEDA Dans un monde en constante évolution, de nombreux parents cherchent des alternatives éducatives pour leurs enfants. L’association APEDA,
