{"id":29,"date":"2026-05-01T17:26:44","date_gmt":"2026-05-01T15:26:44","guid":{"rendered":"https:\/\/ecolealternativeapeda.fr\/?page_id=29"},"modified":"2026-05-01T18:16:16","modified_gmt":"2026-05-01T16:16:16","slug":"lequipe-pedagogique","status":"publish","type":"page","link":"https:\/\/ecolealternativeapeda.fr\/?page_id=29","title":{"rendered":"L&rsquo;\u00e9quipe p\u00e9dagogique"},"content":{"rendered":"\n<p><strong>Une approche pluridisciplinaire<\/strong><\/p>\n\n\n\n<p>L\u2019\u00e9quipe p\u00e9dagogique est compos\u00e9e de professionnels venant d\u2019horizons divers, allant de l\u2019\u00e9ducation traditionnelle aux p\u00e9dagogies alternatives. Cette diversit\u00e9 cr\u00e9e un environnement d\u2019apprentissage riche et dynamique, o\u00f9 chaque membre contribue \u00e0 un projet \u00e9ducatif commun.<\/p>\n\n\n\n<p><strong>Un encadrement bienveillant<\/strong><\/p>\n\n\n\n<p>Tous les \u00e9ducateurs d\u2019APEDA mettent un point d\u2019honneur \u00e0 instaurer un climat de confiance. \u00c0 l\u2019\u00e9coute des \u00e9l\u00e8ves, ils cherchent \u00e0 comprendre leurs besoins individuels et \u00e0 les accompagner dans leur parcours d\u2019apprentissage, favorisant ainsi l\u2019entraide et la collaboration.<\/p>\n\n\n\n<p><strong>Des projets collaboratifs<\/strong><\/p>\n\n\n\n<p>L\u2019\u00e9quipe collabore r\u00e9guli\u00e8rement pour concevoir des projets \u00e9ducatifs et des activit\u00e9s en plein air. Cela permet d\u2019adapter l\u2019enseignement aux int\u00e9r\u00eats des enfants tout en renfor\u00e7ant les liens entre les \u00e9ducateurs.<\/p>\n\n\n\n<p><strong>Une formation continue<\/strong><\/p>\n\n\n\n<p>APEDA valorise la formation continue de son \u00e9quipe, organisant des ateliers et des stages pour am\u00e9liorer les pratiques p\u00e9dagogiques. Cela garantit une \u00e9volution constante de l\u2019enseignement et des m\u00e9thodes utilis\u00e9es.<\/p>\n\n\n\n<p>L\u2019\u00e9quipe p\u00e9dagogique d\u2019APEDA, dirig\u00e9e par Philippe Barreteau et renforc\u00e9e par des \u00e9ducateurs comme Gabrielle Herzog, incarne l\u2019esprit d\u2019innovation et de respect de l\u2019individualit\u00e9 qui caract\u00e9rise l\u2019association. Gr\u00e2ce \u00e0 leur engagement, les enfants peuvent \u00e9voluer dans un cadre stimulant et \u00e9panouissant, propice \u00e0 leur d\u00e9veloppement personnel et acad\u00e9mique.<\/p>\n\n\n\n<h4 class=\"wp-block-heading\"><strong>Philippe Barreteau &#8211; Directeur et \u00e9ducateur<\/strong><\/h4>\n\n\n\n<p>\u00ab\u00a0Directeur du coll\u00e8ge Colette et \u00e9ducateur, j\u2019ai une formation universitaire en histoire. Apr\u00e8s des d\u00e9buts professionnels dans l\u2019arch\u00e9ologie, j\u2019ai \u00e9t\u00e9 enseignant en lyc\u00e9es agricoles pendant 15 ans. J\u2019ai travaill\u00e9 ensuite comme charg\u00e9 de diffusion et production pour diff\u00e9rentes compagnies de spectacle vivant (conte, th\u00e9\u00e2tre, marionnette).<\/p>\n\n\n\n<p>Un parcours vari\u00e9 et riche dont mon envie de transmettre est la colonne vert\u00e9brale.<\/p>\n\n\n\n<p>J\u2019ai rejoint d\u00e8s le d\u00e9but le projet du coll\u00e8ge Colette dans lequel je voyais un espace privil\u00e9gi\u00e9 pour faire l\u2019\u00e9cole autrement, \u00eatre au plus pr\u00e8s des besoins des adolescents et leur donner la chance de grandir et devenir des adultes libres, \u00e9quilibr\u00e9s et responsables.\u00a0\u00bb<\/p>\n\n\n\n<h4 class=\"wp-block-heading\"><strong>Gabrielle Herzog \u2013 \u00c9ducatrice et Facilitatrice de Connexion \u00e0 la Nature<\/strong><\/h4>\n\n\n\n<p>Gabrielle Herzog, initialement infirmi\u00e8re, a choisi de faire l\u2019\u00e9cole \u00e0 la maison pour ses enfants pendant plusieurs ann\u00e9es, une exp\u00e9rience qui a approfondi sa passion pour l\u2019\u00e9ducation et la nature. Form\u00e9e au mod\u00e8le des 8 Shields, elle propose \u00e9galement aux enfants des activit\u00e9s en for\u00eat, leur permettant de se connecter \u00e0 l\u2019environnement naturel.<\/p>\n\n\n\n<p>Gabrielle croit en l&rsquo;importance de l&rsquo;apprentissage en plein air et utilise des m\u00e9thodes bas\u00e9es sur l&rsquo;exploration et l&rsquo;observation pour \u00e9veiller la curiosit\u00e9 des enfants. Elle cr\u00e9e un espace o\u00f9 les \u00e9l\u00e8ves peuvent apprendre tout en s\u2019amusant, favorisant ainsi leur d\u00e9veloppement personnel.<\/p>\n\n\n\n<p>Citation de Gabrielle : \u00ab\u00a0La nature est notre meilleure salle de classe. Elle enseigne le respect, la curiosit\u00e9 et l\u2019\u00e9merveillement.\u00a0\u00bb<\/p>\n","protected":false},"excerpt":{"rendered":"<p>Une approche pluridisciplinaire L\u2019\u00e9quipe p\u00e9dagogique est compos\u00e9e de professionnels venant d\u2019horizons divers, allant de l\u2019\u00e9ducation traditionnelle aux p\u00e9dagogies alternatives. Cette<\/p>\n","protected":false},"author":1,"featured_media":0,"parent":0,"menu_order":0,"comment_status":"closed","ping_status":"closed","template":"","meta":{"colormag_page_container_layout":"default_layout","colormag_page_sidebar_layout":"default_layout","footnotes":""},"class_list":["post-29","page","type-page","status-publish","hentry"],"yoast_head":"<!-- This site is optimized with the Yoast SEO plugin v27.5 - https:\/\/yoast.com\/product\/yoast-seo-wordpress\/ -->\n<title>L&#039;\u00e9quipe p\u00e9dagogique - APEDA<\/title>\n<meta name=\"robots\" content=\"index, follow, max-snippet:-1, max-image-preview:large, max-video-preview:-1\" \/>\n<link rel=\"canonical\" href=\"https:\/\/ecolealternativeapeda.fr\/?page_id=29\" \/>\n<meta property=\"og:locale\" content=\"fr_FR\" \/>\n<meta property=\"og:type\" content=\"article\" \/>\n<meta property=\"og:title\" content=\"L&#039;\u00e9quipe p\u00e9dagogique - APEDA\" \/>\n<meta property=\"og:description\" content=\"Une approche pluridisciplinaire L\u2019\u00e9quipe p\u00e9dagogique est compos\u00e9e de professionnels venant d\u2019horizons divers, allant de l\u2019\u00e9ducation traditionnelle aux p\u00e9dagogies alternatives. Cette\" \/>\n<meta property=\"og:url\" content=\"https:\/\/ecolealternativeapeda.fr\/?page_id=29\" \/>\n<meta property=\"og:site_name\" content=\"APEDA\" \/>\n<meta property=\"article:modified_time\" content=\"2026-05-01T16:16:16+00:00\" \/>\n<meta name=\"twitter:card\" content=\"summary_large_image\" \/>\n<meta name=\"twitter:label1\" content=\"Est. reading time\" \/>\n\t<meta name=\"twitter:data1\" content=\"3 minutes\" \/>\n<script type=\"application\/ld+json\" class=\"yoast-schema-graph\">{\"@context\":\"https:\\\/\\\/schema.org\",\"@graph\":[{\"@type\":\"WebPage\",\"@id\":\"https:\\\/\\\/ecolealternativeapeda.fr\\\/?page_id=29\",\"url\":\"https:\\\/\\\/ecolealternativeapeda.fr\\\/?page_id=29\",\"name\":\"L'\u00e9quipe p\u00e9dagogique - APEDA\",\"isPartOf\":{\"@id\":\"https:\\\/\\\/ecolealternativeapeda.fr\\\/#website\"},\"datePublished\":\"2026-05-01T15:26:44+00:00\",\"dateModified\":\"2026-05-01T16:16:16+00:00\",\"breadcrumb\":{\"@id\":\"https:\\\/\\\/ecolealternativeapeda.fr\\\/?page_id=29#breadcrumb\"},\"inLanguage\":\"fr-FR\",\"potentialAction\":[{\"@type\":\"ReadAction\",\"target\":[\"https:\\\/\\\/ecolealternativeapeda.fr\\\/?page_id=29\"]}]},{\"@type\":\"BreadcrumbList\",\"@id\":\"https:\\\/\\\/ecolealternativeapeda.fr\\\/?page_id=29#breadcrumb\",\"itemListElement\":[{\"@type\":\"ListItem\",\"position\":1,\"name\":\"Home\",\"item\":\"https:\\\/\\\/ecolealternativeapeda.fr\\\/\"},{\"@type\":\"ListItem\",\"position\":2,\"name\":\"L&rsquo;\u00e9quipe p\u00e9dagogique\"}]},{\"@type\":\"WebSite\",\"@id\":\"https:\\\/\\\/ecolealternativeapeda.fr\\\/#website\",\"url\":\"https:\\\/\\\/ecolealternativeapeda.fr\\\/\",\"name\":\"APEDA\",\"description\":\"\",\"potentialAction\":[{\"@type\":\"SearchAction\",\"target\":{\"@type\":\"EntryPoint\",\"urlTemplate\":\"https:\\\/\\\/ecolealternativeapeda.fr\\\/?s={search_term_string}\"},\"query-input\":{\"@type\":\"PropertyValueSpecification\",\"valueRequired\":true,\"valueName\":\"search_term_string\"}}],\"inLanguage\":\"fr-FR\"}]}<\/script>\n<!-- \/ Yoast SEO plugin. -->","yoast_head_json":{"title":"L'\u00e9quipe p\u00e9dagogique - APEDA","robots":{"index":"index","follow":"follow","max-snippet":"max-snippet:-1","max-image-preview":"max-image-preview:large","max-video-preview":"max-video-preview:-1"},"canonical":"https:\/\/ecolealternativeapeda.fr\/?page_id=29","og_locale":"fr_FR","og_type":"article","og_title":"L'\u00e9quipe p\u00e9dagogique - APEDA","og_description":"Une approche pluridisciplinaire L\u2019\u00e9quipe p\u00e9dagogique est compos\u00e9e de professionnels venant d\u2019horizons divers, allant de l\u2019\u00e9ducation traditionnelle aux p\u00e9dagogies alternatives. Cette","og_url":"https:\/\/ecolealternativeapeda.fr\/?page_id=29","og_site_name":"APEDA","article_modified_time":"2026-05-01T16:16:16+00:00","twitter_card":"summary_large_image","twitter_misc":{"Est. reading time":"3 minutes"},"schema":{"@context":"https:\/\/schema.org","@graph":[{"@type":"WebPage","@id":"https:\/\/ecolealternativeapeda.fr\/?page_id=29","url":"https:\/\/ecolealternativeapeda.fr\/?page_id=29","name":"L'\u00e9quipe p\u00e9dagogique - APEDA","isPartOf":{"@id":"https:\/\/ecolealternativeapeda.fr\/#website"},"datePublished":"2026-05-01T15:26:44+00:00","dateModified":"2026-05-01T16:16:16+00:00","breadcrumb":{"@id":"https:\/\/ecolealternativeapeda.fr\/?page_id=29#breadcrumb"},"inLanguage":"fr-FR","potentialAction":[{"@type":"ReadAction","target":["https:\/\/ecolealternativeapeda.fr\/?page_id=29"]}]},{"@type":"BreadcrumbList","@id":"https:\/\/ecolealternativeapeda.fr\/?page_id=29#breadcrumb","itemListElement":[{"@type":"ListItem","position":1,"name":"Home","item":"https:\/\/ecolealternativeapeda.fr\/"},{"@type":"ListItem","position":2,"name":"L&rsquo;\u00e9quipe p\u00e9dagogique"}]},{"@type":"WebSite","@id":"https:\/\/ecolealternativeapeda.fr\/#website","url":"https:\/\/ecolealternativeapeda.fr\/","name":"APEDA","description":"","potentialAction":[{"@type":"SearchAction","target":{"@type":"EntryPoint","urlTemplate":"https:\/\/ecolealternativeapeda.fr\/?s={search_term_string}"},"query-input":{"@type":"PropertyValueSpecification","valueRequired":true,"valueName":"search_term_string"}}],"inLanguage":"fr-FR"}]}},"_links":{"self":[{"href":"https:\/\/ecolealternativeapeda.fr\/index.php?rest_route=\/wp\/v2\/pages\/29","targetHints":{"allow":["GET"]}}],"collection":[{"href":"https:\/\/ecolealternativeapeda.fr\/index.php?rest_route=\/wp\/v2\/pages"}],"about":[{"href":"https:\/\/ecolealternativeapeda.fr\/index.php?rest_route=\/wp\/v2\/types\/page"}],"author":[{"embeddable":true,"href":"https:\/\/ecolealternativeapeda.fr\/index.php?rest_route=\/wp\/v2\/users\/1"}],"replies":[{"embeddable":true,"href":"https:\/\/ecolealternativeapeda.fr\/index.php?rest_route=%2Fwp%2Fv2%2Fcomments&post=29"}],"version-history":[{"count":3,"href":"https:\/\/ecolealternativeapeda.fr\/index.php?rest_route=\/wp\/v2\/pages\/29\/revisions"}],"predecessor-version":[{"id":36,"href":"https:\/\/ecolealternativeapeda.fr\/index.php?rest_route=\/wp\/v2\/pages\/29\/revisions\/36"}],"wp:attachment":[{"href":"https:\/\/ecolealternativeapeda.fr\/index.php?rest_route=%2Fwp%2Fv2%2Fmedia&parent=29"}],"curies":[{"name":"wp","href":"https:\/\/api.w.org\/{rel}","templated":true}]}}

L&rsquo;équipe pédagogique

<p><strong>Une approche pluridisciplinaire</strong></p>



<p>L’équipe pédagogique est composée de professionnels venant d’horizons divers, allant de l’éducation traditionnelle aux pédagogies alternatives. Cette diversité crée un environnement d’apprentissage riche et dynamique, où chaque membre contribue à un projet éducatif commun.</p>



<p><strong>Un encadrement bienveillant</strong></p>



<p>Tous les éducateurs d’APEDA mettent un point d’honneur à instaurer un climat de confiance. À l’écoute des élèves, ils cherchent à comprendre leurs besoins individuels et à les accompagner dans leur parcours d’apprentissage, favorisant ainsi l’entraide et la collaboration.</p>



<p><strong>Des projets collaboratifs</strong></p>



<p>L’équipe collabore régulièrement pour concevoir des projets éducatifs et des activités en plein air. Cela permet d’adapter l’enseignement aux intérêts des enfants tout en renforçant les liens entre les éducateurs.</p>



<p><strong>Une formation continue</strong></p>



<p>APEDA valorise la formation continue de son équipe, organisant des ateliers et des stages pour améliorer les pratiques pédagogiques. Cela garantit une évolution constante de l’enseignement et des méthodes utilisées.</p>



<p>L’équipe pédagogique d’APEDA, dirigée par Philippe Barreteau et renforcée par des éducateurs comme Gabrielle Herzog, incarne l’esprit d’innovation et de respect de l’individualité qui caractérise l’association. Grâce à leur engagement, les enfants peuvent évoluer dans un cadre stimulant et épanouissant, propice à leur développement personnel et académique.</p>



<h4 class="wp-block-heading"><strong>Philippe Barreteau &#8211; Directeur et éducateur</strong></h4>



<p>« Directeur du collège Colette et éducateur, j’ai une formation universitaire en histoire. Après des débuts professionnels dans l’archéologie, j’ai été enseignant en lycées agricoles pendant 15 ans. J’ai travaillé ensuite comme chargé de diffusion et production pour différentes compagnies de spectacle vivant (conte, théâtre, marionnette).</p>



<p>Un parcours varié et riche dont mon envie de transmettre est la colonne vertébrale.</p>



<p>J’ai rejoint dès le début le projet du collège Colette dans lequel je voyais un espace privilégié pour faire l’école autrement, être au plus près des besoins des adolescents et leur donner la chance de grandir et devenir des adultes libres, équilibrés et responsables. »</p>



<h4 class="wp-block-heading"><strong>Gabrielle Herzog – Éducatrice et Facilitatrice de Connexion à la Nature</strong></h4>



<p>Gabrielle Herzog, initialement infirmière, a choisi de faire l’école à la maison pour ses enfants pendant plusieurs années, une expérience qui a approfondi sa passion pour l’éducation et la nature. Formée au modèle des 8 Shields, elle propose également aux enfants des activités en forêt, leur permettant de se connecter à l’environnement naturel.</p>



<p>Gabrielle croit en l&rsquo;importance de l&rsquo;apprentissage en plein air et utilise des méthodes basées sur l&rsquo;exploration et l&rsquo;observation pour éveiller la curiosité des enfants. Elle crée un espace où les élèves peuvent apprendre tout en s’amusant, favorisant ainsi leur développement personnel.</p>



<p>Citation de Gabrielle : « La nature est notre meilleure salle de classe. Elle enseigne le respect, la curiosité et l’émerveillement. »</p>

<p>Une approche pluridisciplinaire L’équipe pédagogique est composée de professionnels venant d’horizons divers, allant de l’éducation traditionnelle aux pédagogies alternatives. Cette</p>

<!-- This site is optimized with the Yoast SEO plugin v27.5 - https://yoast.com/product/yoast-seo-wordpress/ -->
<title>L&#039;équipe pédagogique - APEDA</title>
<meta name="robots" content="index, follow, max-snippet:-1, max-image-preview:large, max-video-preview:-1" />
<link rel="canonical" href="https://ecolealternativeapeda.fr/?page_id=29" />
<meta property="og:locale" content="fr_FR" />
<meta property="og:type" content="article" />
<meta property="og:title" content="L&#039;équipe pédagogique - APEDA" />
<meta property="og:description" content="Une approche pluridisciplinaire L’équipe pédagogique est composée de professionnels venant d’horizons divers, allant de l’éducation traditionnelle aux pédagogies alternatives. Cette" />
<meta property="og:url" content="https://ecolealternativeapeda.fr/?page_id=29" />
<meta property="og:site_name" content="APEDA" />
<meta property="article:modified_time" content="2026-05-01T16:16:16+00:00" />
<meta name="twitter:card" content="summary_large_image" />
<meta name="twitter:label1" content="Est. reading time" />
	<meta name="twitter:data1" content="3 minutes" />
<script type="application/ld+json" class="yoast-schema-graph">{"@context":"https:\/\/schema.org","@graph":[{"@type":"WebPage","@id":"https:\/\/ecolealternativeapeda.fr\/?page_id=29","url":"https:\/\/ecolealternativeapeda.fr\/?page_id=29","name":"L'équipe pédagogique - APEDA","isPartOf":{"@id":"https:\/\/ecolealternativeapeda.fr\/#website"},"datePublished":"2026-05-01T15:26:44+00:00","dateModified":"2026-05-01T16:16:16+00:00","breadcrumb":{"@id":"https:\/\/ecolealternativeapeda.fr\/?page_id=29#breadcrumb"},"inLanguage":"fr-FR","potentialAction":[{"@type":"ReadAction","target":["https:\/\/ecolealternativeapeda.fr\/?page_id=29"]}]},{"@type":"BreadcrumbList","@id":"https:\/\/ecolealternativeapeda.fr\/?page_id=29#breadcrumb","itemListElement":[{"@type":"ListItem","position":1,"name":"Home","item":"https:\/\/ecolealternativeapeda.fr\/"},{"@type":"ListItem","position":2,"name":"L&rsquo;équipe pédagogique"}]},{"@type":"WebSite","@id":"https:\/\/ecolealternativeapeda.fr\/#website","url":"https:\/\/ecolealternativeapeda.fr\/","name":"APEDA","description":"","potentialAction":[{"@type":"SearchAction","target":{"@type":"EntryPoint","urlTemplate":"https:\/\/ecolealternativeapeda.fr\/?s={search_term_string}"},"query-input":{"@type":"PropertyValueSpecification","valueRequired":true,"valueName":"search_term_string"}}],"inLanguage":"fr-FR"}]}</script>
<!-- / Yoast SEO plugin. -->

L'équipe pédagogique - APEDA

Une approche pluridisciplinaire L’équipe pédagogique est composée de professionnels venant d’horizons divers, allant de l’éducation traditionnelle aux pédagogies alternatives. Cette
